 h be -10 - -3*17647/21. What is the highest common divisor of h and 31?
31
Let c be (-6 + (5 - 9))/(4/(-18)). What is the greatest common divisor of 105 and c?
15
Let s = -93 + 115. Let j(k) = k**3 - 7*k**2 - k + 10. Let i be j(7). Suppose i*q = -0*q + 99. What is the greatest common factor of q and s?
11
Let r(t) = -t**3 - 13*t**2 + 13*t + 7. Let p be r(-14). What is the highest common factor of 1512 and p?
21
Suppose 133*r - 116*r = 2431. What is the greatest common factor of r and 104?
13
Let n = 2 - 9. Let i(j) = -j**3 - 6*j**2 + 8*j + 5. Let r be i(n). Let t be (-24)/r + -2 + 2. Calculate the highest common divisor of t and 4.
4
Let r(n) = 41*n - 10. Let b be r(-5). Let t = -105 - b. Calculate the highest common factor of t and 44.
22
Suppose -6*f + 2304 = -0*f. Calculate the highest common divisor of f and 288.
96
Let g be (84*16/36)/(8/36). Calculate the greatest common factor of g and 112.
56
Suppose -3*y = -0*y - 24. Suppose x - y = -x. Suppose 0 = -5*s - i + 48 + 55, -5*s - 3*i = -109. Calculate the greatest common divisor of s and x.
4
Let f be 964/(-10) + 7 + (-6)/10. Let r = f + 96. What is the greatest common divisor of r and 15?
3
Suppose 0 = 3*n + 25 - 4. Let q = n + 32. Let c be 149/2 + (-2)/(-4). Calculate the highest common divisor of c and q.
25
Suppose -26*o + 588 = -22*o. What is the greatest common divisor of o and 21?
21
Let k be (-4)/2*41/(-2). Let d = -25 + k. Suppose 8 = 2*t - d. What is the greatest common divisor of 132 and t?
12
Let t(v) = 3*v - 63. Let y be t(26). What is the highest common factor of 20 and y?
5
Let m(v) = 15*v**2 + v - 1. Let a be m(-2). Let r = 108 - a. Calculate the highest common divisor of 17 and r.
17
Suppose 5*h - 11*h = -432. Let f = -68 + h. Calculate the highest common factor of f and 4.
4
Let z(n) = n + 5. Let f be z(19). Calculate the greatest common factor of f and 30.
6
Suppose -g + 49 = v, g + 52 + 43 = 2*v. Calculate the highest common factor of v and 72.
24
Let y(o) = -12*o - 8. Let s = 34 + -37. Let j be y(s). What is the highest common divisor of j and 224?
28
Let n = 11 + -8. What is the highest common factor of 27 and n?
3
Let s = -18 + 24. Let u = 10 - s. Calculate the highest common factor of 44 and u.
4
Let m = -207 + 508. Let a = m + -130. Calculate the greatest common divisor of 19 and a.
19
Suppose -l = 2*k - 31 - 2, -2*k = -2*l - 18. What is the greatest common factor of k and 518?
14
Let o(q) = 7*q - 56. Let t be o(21). Calculate the greatest common divisor of 52 and t.
13
Let o(q) = q**3 + 5*q**2 - 19*q - 16. Let g be o(-7). Calculate the highest common factor of g and 10.
1
Suppose -213 = -5*d - 3*j, -d - 23*j + 28*j + 37 = 0. What is the greatest common factor of d and 525?
21
Suppose 0 = 3*j + 3*t - 44 - 481, -871 = -5*j - t. Suppose -2*m = -4*o - j, 0 = -m + 2*m + 4*o - 57. What is the highest common factor of 11 and m?
11
Suppose -5*v + 24 = -3*q + q, 4*q = 4*v - 24. Let m be -2 + (16 - v - 1). Calculate the greatest common divisor of m and 3.
3
Let t = -105 + 108. Suppose t*x = -x + 288. Suppose q = -5, 4*r - q + 5*q = 52. What is the highest common factor of r and x?
18
Suppose 6*z - 9146 = -1856. Calculate the greatest common factor of z and 30.
15
Suppose v + 25 = 2*a, -v - 94 = 3*v - 5*a. Let y be 8/(-20) + (-728)/(-20). Let i = y + v. Calculate the greatest common divisor of i and 165.
15
Suppose 66*r = 61*r + 980. Suppose -44*m - r = -45*m. What is the highest common divisor of 28 and m?
28
Let h = 46 - -4. Let i(x) = 2*x. Let u be 8/(-12)*30/(-4). Let g be i(u). Calculate the highest common factor of g and h.
10
Let z be ((-12)/(-8))/((-6)/(-20)). Let g = 590 + -575. Calculate the highest common factor of z and g.
5
Suppose -10 = -19*g + 17*g. Let f be (-1)/(1/g) - -11. Calculate the highest common divisor of f and 6.
6
Suppose -o + 4 + 6 = 0. Suppose -o*g - 6 = -7*g. Let x be (3 + g - -1)*18. What is the highest common factor of 54 and x?
18
Suppose -3686 + 16451 = 15*t. What is the greatest common factor of 74 and t?
37
Let y(z) = -4*z**2 + 149*z + 67. Let f be y(37). Calculate the highest common factor of 96 and f.
8
Let w(d) = 2*d**2 - d + 3. Let h be w(2). Let l = 15 - h. Let i be (-34)/l*315/(-15). Calculate the greatest common factor of i and 17.
17
Let n = 3101 + -1736. What is the greatest common factor of 105 and n?
105
Let v(c) = c**3 + 20*c**2 - 46*c - 23. Let i be v(-22). What is the greatest common factor of i and 651?
21
Let a be 18487/35 + 4 + 21/(-5). Calculate the greatest common divisor of a and 12.
12
Let w be (544/(-10))/((-1490)/(-125) + -12). Calculate the highest common divisor of 85 and w.
85
Suppose 2*u - 2 = 0, 5*g + u - 3562 = 4*u. Calculate the greatest common divisor of 23 and g.
23
Let p = -1691 - -1714. What is the greatest common divisor of 460 and p?
23
Let b(q) = 27*q - 199. Let i be b(13). What is the highest common factor of 24 and i?
8
Let b = -10 - -17. Suppose 2*z - 6*z + 52 = 5*q, 2*q - 3*z = b. Let p = 30 + 26. Calculate the greatest common divisor of p and q.
8
Suppose -4*c = 10*c - 1904. Calculate the highest common divisor of c and 17.
17
Let b(u) = -u**2 + 15*u - 3. Let n be b(14). Let l = -2013 - -2057. What is the highest common divisor of l and n?
11
Let z be (-1)/(9/(-6) - -2). Suppose a - 1 = -2*l + 4*l, 4*a - 4 = -5*l. Let n be (z - 0) + l + 4. Calculate the greatest common factor of n and 2.
2
Suppose 151 = 2*h - 2*l + 57, -l - 5 = 0. Let b be -5 + -1 + 2 - -13. Suppose -b*a + 20*a = 66. Calculate the greatest common factor of a and h.
6
Suppose -5*z + 52 = 3*v, 4*v = -0*z - 2*z + 60. Let j = -4 + v. Calculate the greatest common factor of 110 and j.
10
Let k = -753 - -953. Calculate the highest common divisor of 50 and k.
50
Let d be ((-2)/(-3))/(2/15). Let y(g) = -5*g**3 - g + 4*g**3 + d*g**2 + 2*g**2 - 4*g. Let h be y(4). What is the greatest common factor of 4 and h?
4
Suppose 4*g - 9 = -77. Let u = 10 - g. Let y be (-109)/(-4) - (-2)/(-8). What is the highest common factor of u and y?
27
Let w be (-2)/(-9 + 2964/330). Calculate the highest common factor of 352 and w.
22
Let r be ((-162)/30)/(6/(-50)). What is the greatest common factor of 165 and r?
15
Let u be (-1)/5 - (-4056)/30. What is the greatest common divisor of u and 195?
15
Let k(x) = 2*x**3 + 5*x**2 - 6*x + 3. Let l be k(2). Suppose -5*p + 14*s + l = 10*s, -2*s - 6 = 0. What is the highest common factor of 1 and p?
1
Let f(o) = 7*o**2 - 2*o - 7. Let r be f(-2). Calculate the highest common divisor of r and 50.
25
Let j be (-2)/(36/166) + 2/9. Let s(o) = -o**2 - 11*o - 13. Let q be s(j). Calculate the greatest common factor of 3 and q.
1
Suppose -5*w = -5*o + 65, -2*o - 3*w + 36 = -0*w. Suppose -6*t - o = -9*t. What is the greatest common divisor of 55 and t?
5
Suppose -2*m - 7 + 1 = 0. Let v be m*(0 + (-7 - -3)). Calculate the greatest common divisor of 8 and v.
4
Let j be (-3)/((-4)/(360/3)). Calculate the greatest common factor of j and 108.
18
Suppose -2*h = -0*h - 460. Let z = -21 - -44. Calculate the greatest common divisor of h and z.
23
Suppose -2 = -c - a, -c + 0*c + 2 = 3*a. Suppose c*u + 41 = 4*g + u, -4*g - 3*u + 37 = 0. Suppose 4*w + 2 = g. What is the highest common divisor of w and 1?
1
Let v = -295 - -300. What is the highest common divisor of v and 25?
5
Let x be ((-444)/10)/(12/(-60)). Calculate the greatest common divisor of 6 and x.
6
Let b be (1 + -24)*(-2 + 1). Let a be (-322)/(-3) - (-2)/(-6). Suppose a = -y - 5*g + 314, 0 = -g. Calculate the greatest common factor of y and b.
23
Suppose 2*p - o + 879 = 4*o, -4*o - 1828 = 4*p. Let f = -287 - p. Let b = -10 + 25. Calculate the highest common divisor of f and b.
15
Suppose i - 12 = -3*f, -3*f + 6 + 6 = 4*i. Suppose 0 = -2*y - i*y, -2*y - 104 = s. Let o be -3 - -1 - s - 2. Calculate the highest common factor of 40 and o.
20
Let h(p) = -27*p - 5. Let r be h(-2). Suppose -5*w = -199 + r. What is the highest common factor of w and 45?
15
Suppose 3*a + 0*v = 5*v - 14, -4*a - 5*v = 7. Let x(j) = -8*j + 10. Let o be x(a). Let l = o - 19. What is the greatest common factor of l and 3?
3
Let y be (4 + 26/(-5))/((-6)/90). Suppose -4*p - m - m + 80 = 0, 2*p = -5*m + 56. Calculate the highest common factor of y and p.
18
Let j = -19 - -20. Suppose -4 = -c + j. Let a(u) = 4